f j?
1
Let c(i) = -95*i + 946. What is the thousands digit of c(-21)?
2
Let w be (7/(-21))/(((-2)/(-42))/1). Let j be (w - -1)*(33/9 + -5). What is the tens digit of 217 + (-3 - j/(-1))?
2
Let z(d) = d**2 + 28. Let u be z(-7). Let r = u - -335. What is the tens digit of r?
1
What is the units digit of 151218/3 - (-21 - -14) - 0?
3
Let z(w) = 31*w**2 + 228*w - 81. What is the tens digit of z(-22)?
0
Let k(f) = -21*f + 7. Let y be k(-1). Suppose y*x = 26*x + 10. Suppose 3*z - 1016 = -x*z. What is the units digit of z?
7
Let i(d) = -79*d - 181. Let g be i(10). Let a = -215 - g. What is the tens digit of a?
5
Let i = -14863 - -48756. What is the thousands digit of i?
3
What is the thousands digit of 5 + (-204)/42 - 6/(-84)*48844?
3
What is the units digit of 3166 + (6 - -4) - -11?
7
Suppose 45*d - 124987 - 258491 = -138003. What is the units digit of d?
5
Suppose -245442 + 39204 - 1009587 = -25*q. What is the units digit of q?
3
Suppose -x = -8*x - 14. Let s be -400*1*x/4. Let p = -88 + s. What is the hundreds digit of p?
1
Let c = 92 + -93. What is the tens digit of (-631)/(c*(5 + -4)) - -1?
3
Let z = -1018 + 88. Let q = z - -1350. What is the units digit of q?
0
Suppose 4*l = -2*j + 28, 0*l + 3*j - 26 = -4*l. Let a be (0 - -81) + 24/l. Let h = 214 - a. What is the tens digit of h?
3
Suppose 67*w - 71*w + 448 = 0. Let g = w + -110. Suppose 8*k - 6*k - 218 = -d, 0 = 5*d - g*k - 1042. What is the hundreds digit of d?
2
Suppose -4*z + 3*i - 1274 = 0, -266 - 50 = z - 2*i. Let k = -127 - z. What is the tens digit of k?
9
Let d(t) = t**3 + 27*t**2 + 51*t + 27. Let g be d(-25). Suppose g*b = -144 + 286. What is the units digit of b?
1
Suppose -16*b = -23*b + 35. Suppose -m + b*m = 12. Suppose -3*k + 90 = -m*o, -2*k - 2*k + 129 = 5*o. What is the tens digit of k?
3
Let i(j) = -22*j - 317. Let x be i(-15). Let t(m) = 2*m**2 + m + 49. What is the units digit of t(x)?
0
Let r(a) = 8288*a**2 - 41*a - 41. What is the hundreds digit of r(-1)?
2
Let w be (5/(100/(-88)))/((-10)/75). Suppose 0 = -6*s + 363 - w. What is the units digit of s?
5
Let r(q) = 168*q**2 + 61*q - 637. What is the units digit of r(9)?
0
Suppose -9*t = -3*t + 408. Let a = t + 74. Suppose a*f - 66 = 4*f. What is the tens digit of f?
3
Let z(h) = -518*h - 112. Let v(g) = 511*g + 113. Let f(n) = -3*v(n) - 2*z(n). What is the units digit of f(-4)?
3
Let y(u) = -4*u + 57. Let x be y(13). Suppose -x = j - 4. What is the units digit of 7 + j - (4 + -3)/(-1)?
7
Suppose -5*m + 15 = -4*c - 11, 4 = -2*m - 2*c. Suppose 826 = m*a - 248. What is the tens digit of a?
3
Let r(o) = -10*o + 14. Let b = 39 + -50. Let p be r(b). Suppose 48*w = 44*w + p. What is the tens digit of w?
3
Let m = 744 + -754. What is the hundreds digit of -3 - (1524/m + (-26)/(-65))?
1
Let t be 13197/415 + 2/10. What is the units digit of (3095 + -2)/((-12)/t*-8)?
1
What is the hundreds digit of -123*((-3)/(-24) + (-12843)/216)?
2
Suppose -4*l - 3822 = -p, 17*p - l - 18958 = 12*p. What is the tens digit of p?
9
Let q(r) = -89*r**3 - 3*r**2 - 8*r - 23. What is the units digit of q(-6)?
1
Let j(p) = 4*p**2 - p + 641. Let o(q) = -q**2 + 27*q - 72. Let c be o(24). What is the tens digit of j(c)?
4
Suppose 19*y - 17 = 40. Let c be (-22928)/((-8)/2) + y. What is the units digit of (-4)/((-80)/c) - 2/(-8)?
7
Let t(g) = -194*g + 21061. What is the ten thousands digit of t(0)?
2
Suppose -25*x + 64*x = 266526. What is the tens digit of x?
3
Let k(z) = -2*z**2 - 5*z + 5. Let g be k(3). Let t = 30 + g. Suppose -c - 6 + 38 = u, 0 = t*c. What is the tens digit of u?
3
Suppose 28*p + 1028 + 260 = 0. Let t(h) = -37*h - 55. What is the units digit of t(p)?
7
Suppose v = -t + 504, -v - 4*v + 2504 = t. Suppose 2*g = 852 + v. What is the tens digit of g?
7
Suppose -5*b + z + 29 = 0, b - 3*z - 27 = -2*b. Suppose -3*v - b*f = -238, 2*v = f - 67 + 243. Suppose v + 48 = 2*n. What is the tens digit of n?
6
Let f(r) = -13*r + 20. Let h be f(2). What is the hundreds digit of 3/9 + ((-16198)/h)/7?
3
Let b(h) = -5*h - 16. Let o(j) = -2*j - 22. Suppose -k = -4*k + 5*c - 15, c = 0. Let g be o(k). What is the units digit of b(g)?
4
Let j(x) = 8*x - 22. Let c be j(4). Let w be (-10 - -6)*(c/(-8))/(-5). What is the tens digit of (-8 + (-190)/(-25))*(w + -64)?
2
Let s(o) = 211*o + 3482. What is the thousands digit of s(0)?
3
What is the units digit of 1118204/26 + 1 - (-4474)/29081?
9
What is the thousands digit of (-33441)/(-4) - (0 - 2) - 152/608?
8
Suppose -7523*f = -7518*f - 22815. What is the hundreds digit of f?
5
Suppose -2*t + q = -26792, -21*q - 13351 = -t - 28*q. What is the units digit of t?
3
Suppose -12*m = -27*m + 660. Suppose -4*z + 64 = -m. What is the tens digit of 68/(60/z - 8/36)?
3
Let g be 56/(-7) - -9 - (-1 - -4). What is the tens digit of 3 - (3/g - 5343/6)?
9
Let y(j) = 110*j + 3 - 64 - 25 - 11 - 5. What is the units digit of y(12)?
8
Suppose -2*f + 7*f - 24 = 2*l, 4*f = -4*l + 36. Let y be (-7638)/323 + 48/(-136). What is the units digit of (2 + -11)/((f + -5)/y)?
6
Let x(t) = 3*t**3 - 6*t**2 - 67*t - 9. What is the thousands digit of x(13)?
4
Suppose 0 = -5*o - 4*w + 160 + 162, 256 = 4*o + 4*w. What is the hundreds digit of (-116)/(4 - o/15)?
2
Suppose -5*f + 2*j + 30 = -0, j = 0. Suppose f*m - 143 = 145. Suppose -k - 63 = -4*g, k + 3*k - m = -4*g. What is the tens digit of g?
1
Let i = -863 - -186. Let k = 400 + i. Let l = k + 472. What is the tens digit of l?
9
Suppose 0 = -51*i + 50*i - 271. Let q = 423 + i. Suppose -45*v + 43*v + q = 0. What is the units digit of v?
6
Let k be 81/3 - (-1 + -7). Suppose 4*d + 5*u - 1885 = 0, d - k*u = -38*u + 473. What is the units digit of d?
0
Suppose 7 = 10*x - 6*x + n, -4*n = -2*x + 8. What is the hundreds digit of 2319/12 + x/(-8)?
1
Let c = -260 + 236. What is the tens digit of -1 - (4210/(-9) + c/108)?
6
Suppose q - 726 - 479 = 0. Let h = -847 + q. Suppose 3*v = -x + 328, -5*v = -2*v - 5*x - h. What is the tens digit of v?
1
What is the ten thousands digit of (0 - 0 - 1732)*((-3567)/348 + -35)?
7
Suppose 27*b = -4*b + 124. Let a = -14 - -20. Suppose 0 = -2*t + 5*i + 209, 2*i - a*i = -b*t + 448. What is the tens digit of t?
1
Let w = -9437 - -9299. Suppose 118 = 2*k - 464. Let n = w + k. What is the hundreds digit of n?
1
Let z = -17456 + 30005. What is the tens digit of z?
4
Let g be ((-12)/(-7) - -1) + (-30)/(-105). Let m(d) = 2*d**2 + 11*d - 1. What is the units digit of m(g)?
0
Let n(b) = 8*b - 12. Suppose -9*g + 5*g = 12. Let w be n(g). Let m = w + 175. What is the tens digit of m?
3
Let t(k) = -239*k + 4. Let a be t(5). Let r = -150 - a. What is the hundreds digit of r?
0
Suppose o + 752 = 5*o. Suppose 4*w - o = -0*w. Suppose w = 5*j - 2*n - 59, 4*j - 4*n - 80 = 0. What is the units digit of j?
2
What is the ten thousands digit of -2 + 0 + 4 + 20436?
2
Suppose 0 = w - 3*k + 1797 - 7653, 8 = -2*k. What is the hundreds digit of w?
8
Let q = -71 - -121. Suppose -3*i - s + q = -34, -5*s - 66 = -3*i. What is the units digit of i?
7
Let t(b) = 13*b + 56. Let r be t(7). Suppose -15*u + 933 = -r. What is the units digit of u?
2
Suppose 296*a + 5407537 - 8515301 - 12516892 = 0. What is the hundreds digit of a?
7
Suppose 0 = 3*z - 12, 2*s + 3*z - 4060 = 10034. What is the hundreds digit of s?
0
Suppose 3*w - 80249 = 4*t + 37920, 2*w + 5*t = 78787. What is the tens digit of w?
9
Let u(x) = 53*x**2 - 61*x - 9. What is the thousands digit of u(15)?
1
Suppose 12*v + 3870 = 3*v. Let h = v - -787. What is the hundreds digit of h?
3
Let r(l) be the third derivative of -11*l**6/60 + l**5/60 - l**4/12 + l**3/6 - l**2. Let t be r(1). What is the units digit of 11/t*(-106)/1?
3
Let v = -1372 - -888. What is the hundreds digit of (-1*38)/((-11)/v*-8)?
2
Let f be 3/(-7) + (-11)/7. Suppose 5*c = -2*j - 3, -2*j + 6*j + 15 = -c. What is the tens digit of (54 + -5)*1 - (f - c)?
5
Let j = -16951 - -37636. What is the tens digit of j?
8
Let k = 3440 - -6974. What is the units digit of k?
4
What is the thousands digit of 44166*(-5 + (-465)/(-90))?
7
Suppose 17*q - q - 64 = 0. Suppose 5*k + i - 6 + 0 = 0, 2*i = -q*k. Let s(o) = 25*o**3 - o**2 + 2*o + 2. What is the units digit of s(k)?
2
Let k be (0 - 2)*-1 + 4. Let h(v) be the second derivative of v**4/12 + 2*v**3/3 - 4*v**2 - 110*v. What is the tens digit of h(k)?
5
